{"id":29,"date":"2024-03-21T14:11:58","date_gmt":"2024-03-21T13:11:58","guid":{"rendered":"http:\/\/www.gemlavie.org\/?page_id=29"},"modified":"2024-03-21T14:59:57","modified_gmt":"2024-03-21T13:59:57","slug":"nos-partenaires","status":"publish","type":"page","link":"https:\/\/www.gemlavie.org\/index.php\/nos-partenaires\/","title":{"rendered":"Nos partenaires"},"content":{"rendered":"\n<p><strong>ARS des Pays de Loire<\/strong> qui soutient financi\u00e8rement GEM La Vie depuis 2011.<\/p>\n\n\n\n<p><a href=\"http:\/\/www.ars.paysdelaloire.sante.fr\">http:\/\/www.ars.paysdelaloire.sante.fr<\/a><\/p>\n\n\n\n<figure class=\"wp-block-image size-large\"><img loading=\"lazy\" decoding=\"async\" width=\"1024\" height=\"591\" src=\"http:\/\/www.gemlavie.org\/wp-content\/uploads\/2024\/03\/ARS_logo.svg_-1024x591.png\" alt=\"\" class=\"wp-image-30\" srcset=\"https:\/\/www.gemlavie.org\/wp-content\/uploads\/2024\/03\/ARS_logo.svg_-1024x591.png 1024w, https:\/\/www.gemlavie.org\/wp-content\/uploads\/2024\/03\/ARS_logo.svg_-300x173.png 300w, https:\/\/www.gemlavie.org\/wp-content\/uploads\/2024\/03\/ARS_logo.svg_-768x444.png 768w, https:\/\/www.gemlavie.org\/wp-content\/uploads\/2024\/03\/ARS_logo.svg_.png 1200w\" sizes=\"auto, (max-width: 1024px) 100vw, 1024px\" \/><\/figure>\n\n\n\n<p class=\"has-text-align-center\">ET<\/p>\n\n\n\n<p>Parrain officiel de GEM La Vie, <strong>Simon de Cyr\u00e8ne<\/strong> d\u00e9tient la responsabilit\u00e9 l\u00e9gale (financi\u00e8re, ressource humaine, institutionnel) de l\u2019association d\u2019usagers GEM La Vie.<\/p>\n\n\n\n<p><a href=\"http:\/\/www.simondecyrene.org\">http:\/\/www.simondecyrene.org<\/a><\/p>\n\n\n<div class=\"wp-block-image\">\n<figure class=\"aligncenter size-full\"><img loading=\"lazy\" decoding=\"async\" width=\"303\" height=\"303\" src=\"http:\/\/www.gemlavie.org\/wp-content\/uploads\/2024\/03\/logo-Simon-de-Cyrene.png\" alt=\"\" class=\"wp-image-31\" srcset=\"https:\/\/www.gemlavie.org\/wp-content\/uploads\/2024\/03\/logo-Simon-de-Cyrene.png 303w, https:\/\/www.gemlavie.org\/wp-content\/uploads\/2024\/03\/logo-Simon-de-Cyrene-300x300.png 300w, https:\/\/www.gemlavie.org\/wp-content\/uploads\/2024\/03\/logo-Simon-de-Cyrene-150x150.png 150w\" sizes=\"auto, (max-width: 303px) 100vw, 303px\" \/><\/figure>\n<\/div>\n\n\n<p><a href=\"http:\/\/www.gemlavie.org\/wp-content\/uploads\/2014\/02\/logo-SDC-Anjou.jpg\"><\/a><\/p>\n","protected":false},"excerpt":{"rendered":"<p>ARS des Pays de Loire qui soutient financi\u00e8rement GEM La Vie depuis 2011. http:\/\/www.ars.paysdelaloire.sante.fr ET Parrain officiel de GEM La Vie, Simon de Cyr\u00e8ne d\u00e9tient la responsabilit\u00e9 l\u00e9gale (financi\u00e8re, ressource humaine, institutionnel) de l\u2019association d\u2019usagers GEM La Vie. http:\/\/www.simondecyrene.org<\/p>\n","protected":false},"author":1,"featured_media":0,"parent":0,"menu_order":0,"comment_status":"closed","ping_status":"closed","template":"","meta":{"footnotes":""},"class_list":["post-29","page","type-page","status-publish","hentry"],"_links":{"self":[{"href":"https:\/\/www.gemlavie.org\/index.php\/wp-json\/wp\/v2\/pages\/29","targetHints":{"allow":["GET"]}}],"collection":[{"href":"https:\/\/www.gemlavie.org\/index.php\/wp-json\/wp\/v2\/pages"}],"about":[{"href":"https:\/\/www.gemlavie.org\/index.php\/wp-json\/wp\/v2\/types\/page"}],"author":[{"embeddable":true,"href":"https:\/\/www.gemlavie.org\/index.php\/wp-json\/wp\/v2\/users\/1"}],"replies":[{"embeddable":true,"href":"https:\/\/www.gemlavie.org\/index.php\/wp-json\/wp\/v2\/comments?post=29"}],"version-history":[{"count":2,"href":"https:\/\/www.gemlavie.org\/index.php\/wp-json\/wp\/v2\/pages\/29\/revisions"}],"predecessor-version":[{"id":33,"href":"https:\/\/www.gemlavie.org\/index.php\/wp-json\/wp\/v2\/pages\/29\/revisions\/33"}],"wp:attachment":[{"href":"https:\/\/www.gemlavie.org\/index.php\/wp-json\/wp\/v2\/media?parent=29"}],"curies":[{"name":"wp","href":"https:\/\/api.w.org\/{rel}","templated":true}]}}

<p><strong>ARS des Pays de Loire</strong> qui soutient financièrement GEM La Vie depuis 2011.</p>



<p><a href="http://www.ars.paysdelaloire.sante.fr">http://www.ars.paysdelaloire.sante.fr</a></p>



<figure class="wp-block-image size-large"><img loading="lazy" decoding="async" width="1024" height="591" src="http://www.gemlavie.org/wp-content/uploads/2024/03/ARS_logo.svg_-1024x591.png" alt="" class="wp-image-30" srcset="https://www.gemlavie.org/wp-content/uploads/2024/03/ARS_logo.svg_-1024x591.png 1024w, https://www.gemlavie.org/wp-content/uploads/2024/03/ARS_logo.svg_-300x173.png 300w, https://www.gemlavie.org/wp-content/uploads/2024/03/ARS_logo.svg_-768x444.png 768w, https://www.gemlavie.org/wp-content/uploads/2024/03/ARS_logo.svg_.png 1200w" sizes="auto, (max-width: 1024px) 100vw, 1024px" /></figure>



<p class="has-text-align-center">ET</p>



<p>Parrain officiel de GEM La Vie, <strong>Simon de Cyrène</strong> détient la responsabilité légale (financière, ressource humaine, institutionnel) de l’association d’usagers GEM La Vie.</p>



<p><a href="http://www.simondecyrene.org">http://www.simondecyrene.org</a></p>


<div class="wp-block-image">
<figure class="aligncenter size-full"><img loading="lazy" decoding="async" width="303" height="303" src="http://www.gemlavie.org/wp-content/uploads/2024/03/logo-Simon-de-Cyrene.png" alt="" class="wp-image-31" srcset="https://www.gemlavie.org/wp-content/uploads/2024/03/logo-Simon-de-Cyrene.png 303w, https://www.gemlavie.org/wp-content/uploads/2024/03/logo-Simon-de-Cyrene-300x300.png 300w, https://www.gemlavie.org/wp-content/uploads/2024/03/logo-Simon-de-Cyrene-150x150.png 150w" sizes="auto, (max-width: 303px) 100vw, 303px" /></figure>
</div>


<p><a href="http://www.gemlavie.org/wp-content/uploads/2014/02/logo-SDC-Anjou.jpg"></a></p>

<p>ARS des Pays de Loire qui soutient financièrement GEM La Vie depuis 2011. http://www.ars.paysdelaloire.sante.fr ET Parrain officiel de GEM La Vie, Simon de Cyrène détient la responsabilité légale (financière, ressource humaine, institutionnel) de l’association d’usagers GEM La Vie. http://www.simondecyrene.org</p>
